5
Calculate -5 + (-2 - (5 + -7)) - 0.
-5
Calculate (-4 + 5 - 4) + 1.
-2
(-6 - -6) + -9 + (0 - -4)
-5
What is (-14 - -11) + (-2 - -3) + 1?
-1
14 + (-1 - 4 - 1)
8
Calculate -4 + (-2 - 3) + 5 - -5.
1
Calculate (-29 - -14) + 27 - 7.
5
(-6 - 0) + (-3 - -12)
3
(3 - (5 - 4)) + -7
-5
What is the value of -4 - (-8 + 6 - 8)?
6
Evaluate (-9 - -5) + 4 + 2.
2
What is the value of -3 + (14 - (0 + 4)) + -3?
4
26 + -29 - (1 + -9)
5
What is 3 + -1 + (2 - 5) - -6?
5
-1 + -2 + 3 - (-1 + 6)
-5
14 + (-9 - 1 - -3)
7
What is the value of -25 + 26 - (-2 + 0 + 8)?
-5
What is the value of (1 - 4) + 7 + -2 - -1?
3
-9 + 12 - -3 - 9
-3
11 - (11 + -4) - 1
3
What is the value of -1 - -8 - (22 - 19)?
4
What is the value of (-4 - -1) + 7 + -1?
3
What is the value of (10 + -9 - -12) + -9 + 5?
9
7 + (-2 - 1) - 2
2
-6 - -7 - (-4 + 2 + 3)
0
What is 5 + (-2 + 5 - 11)?
-3
What is (3 - -2) + -12 - (15 + -17)?
-5
-4 - (-1 + -1) - (52 - 51)
-3
Evaluate -2 + 4 + -142 + 138.
-2
-11 + -5 + -3 + 9
-10
Evaluate 6 - ((-7 - (-12 - -5)) + 3).
3
Calculate 2 + -4 - (-4 + 12 + -14).
4
Evaluate -8 - (6 + -7) - -6 - -7.
6
What is (-156 - -154) + -1 + 12?
9
0 - (-7 - -1) - (-34 + 43)
-3
Evaluate -3 + (-2 - -1) + 3.
-1
2 + 4 - (0 - -3) - 10
-7
Calculate 8 - (8 + 9) - -7.
-2
What is -3 - -7 - (-2 + 4)?
2
What is the value of -8 - (-4 - -2) - (20 - 26)?
0
-4 + (-4 - (4 + -12))
0
Calculate 5 + (-6 - (3 - 7)) + -2.
1
What is the value of 3 - (5 + 2) - (-2 - 0)?
-2
Evaluate -2 + -3 + 4 - (-1 - -3).
-3
What is 4 - 4 - (0 + -5) - 11?
-6
Evaluate -30 - -30 - (1 + (-7 - -1)).
5
-4 + (3 - -2) - 5
-4
-2 + 6 + -5 + 5
4
2 + 2 + (2 - 5)
1
Evaluate (-1 + (-4 - -2) - 1) + 5.
1
Evaluate 0 + (-11 + 6 - -5).
0
Calculate -1 + 1 + (5 - 8) - -8.
5
Evaluate -2 - -5 - (5 - (6 + -9)).
-5
Calculate (-7 - 0) + 12 - 5.
0
Calculate -4 - -1 - (0 - 5).
2
What is (-1 - -2) + 11 + (7 - 13)?
6
What is the value of -4 + (-1 + 3 + 2 - 6)?
-6
Calculate 8 - (4 - 4 - 0 - -4).
4
What is the value of -14 + (10 - 4) + 5?
-3
5 + 1 + -2 + -3 + -5
-4
Evaluate 12 - (1 - (-7 + 4)).
8
13 - (27 + -13) - -1
0
Calculate 9 - (10 - (-6 + 12)).
5
What is -1 + 9 + -2 + (-2 - 1)?
3
What is -2 + 0 + 3 + -5 + 2?
-2
20 + -21 + 0 + 1 - 1
-1
What is the value of (1 + 13 - 6 - 1) + 0?
7
What is the value of (-4 + -2 - 5) + 6?
-5
Evaluate 22 - 20 - (2 + 0) - -2.
2
Calculate -8 + -2 + 6 + 1.
-3
What is the value of -2 + 4 + -4 - 2?
-4
Evaluate -3 + 4 - (1 + 2 + -2).
0
Evaluate -9 + 4 + -3 + 3.
-5
What is 0 + 5 + (-5 - 0)?
0
Calculate -5 + 0 - (-19 - -7).
7
Evaluate -5 + (10 - 6) - (1 + 4).
-6
Calculate 1 + 0 - -5 - 2.
4
(-12 - -13 - 6) + 4
-1
(-1 - 0) + (0 + 0 - -2)
1
-5 + -19 + 17 - (-17 - 1)
11
What is the value of (-6 - -7) + 5 - (0 - -5)?
1
0 - (-2 + -1) - 4
-1
What is 15 + -8 + 11 + -21?
-3
Calculate -5 + 0 + -10 + 14.
-1
What is 6 + -11 + 14 + 0?
9
-1 + 0 + 7 + (-13 - -12)
5
Calculate 1 - 4 - (1 + (4 - 4)).
-4
What is the value of -4 + (2 - 3) + (5 - 7)?
-7
What is the value of -2 + (-2 + 1 + 1 - -3)?
1
Evaluate -6 - 4 - -6 - -3.
-1
Evaluate -1 - (-11 + 3 + 3 - 0).
4
What is the value of 1 + 3 + -6 - 2?
-4
Evaluate (-4 - 2 - -12) + -3.
3
What is the value of -2 - ((9 - -1) + -5)?
-7
What is -4 + (4 - 5 - -2) - -1?
-2
What is the value of 5 + -4 - -2 - (-1 + -1)?
5
What is the value of 4 + 6 + (-6 - 1)?
3
Calculate (-13 - -11) + 0 + 4.
2
-9 + 4 + 0 + 8 - 1
2
(-2 - 4) + (-3 - -9)
0
Calculate 8 + -6 + (6 - 2).
6
Evaluate 8 - (2 + 3 + -1).
4
What is the value of -3 + (5 - 9) + (6 - 0)?
-1
What is the value of -3 - (-6 + -1 - (-24 + 21))?
1
Evaluate 5 + -1 + (0 - -1).
5
What is the value of -7 + 7 + 2 + 4 + -7?
-1
Calculate 18 + -24 + 8 + 3.
5
Evaluate 2 - (-1 - -8 - 3).
-2
What is the value of -5 - -2 - (-1 - (1 - 1))?
-2
What is the value of 3 - (-4 + 6 + -2) - 0?
3
What is -3 - (2 + -2 + 0)?
-3
Evaluate -1 + (22 + -24 - (-1 - 4)).
2
What is -13 + 15 + (1 - 6)?
-3
Calculate 4 + 1 - 8 - -4.
1
What is 5 + (-7 - 0) + 6?
4
What is 0 + (-6 - -5) + 6?
5
Evaluate (-4 - -9) + -1 + -1.
3
Evaluate -2 + -2 - (77 + -81).
0
What is 1 + (-6 - 0) + 13?
8
5 + (0 - 3) + 1 - 7
-4
What is -1 - (-4 - (-7 + 2 - -3))?
1
Evaluate -3 - -5 - 2 - (2 + -4).
2
Calculate (1 - 0) + 6 + -9.
-2
What is the value of (0 + -10 - -10) + -7?
-7
What is the value of (0 + -7 - -8) + -2?
-1
Calculate -7 + (1 - (-3 - -1)).
-4
4 - (-8 + -4 + 9)
7
Evaluate 2 + -4 - (-5 + 1).
2
Evaluate -1 + -5 - (9 - 16).
1
What is the value of 3 + 4 + -12 - 0?
-5
Evaluate 0 + 2 + (-2 - 1).
-1
What is (-9 - -10) + -3 + 1?
-1
Evaluate 171 - 175 - (-12 - -1).
7
What is 6 + -2 + -5 + 0?
-1
What is 2 + 3 + 3 + -3?
5
Evaluate -1 + (7 - 3) - (3 - -1).
-1
What is 2 + 8 - (70 - 64)?
4
0 + (1 - 1) + (-18 - -15)
-3
What is 2 + -1 + (-1 - 4)?
-4
Evaluate 11 + -12 + 0 + (7 - 1).
5
What is (-3 - 7) + 4 + 4?
-2
What is (0 - -2) + (2 + -9 - -6)?
1
Evaluate -4 + -1 + (-1 - -7) - -4.
5
Calculate (0 + 2 - (-6 + 13)) + 5.
0
What is the value of (-1 - -4) + 15 + -18?
0
What is the value of 0 + -2 + (1 - -3)?
2
-5 - -2 - (-5 + (11 - 5))
-4
What is (0 - 4 - (9 - 10)) + 8?
5
What is the value of -2 + (10 - 6) - 3?
-1
Calculate -8 - (-11 + 11 + -2 + -4).
-2
What is 1 + (-10 - -13) + 2?
6
Evaluate 5 - (10 - (14 + -8)).
1
-1 + (-29 + 20 - (-1 - 1))
-8
0 - (-8 + 11 + -8 - 0)
5
What is (-7 - -2) + (0 - (-6 + 1))?
0
What is the value of (1 - -2) + 0 + (-13 - -13)?
3
Calculate (-1 - 0) + (-7 + 2 - -2).
-4
What is the value of -11 + (9 + -2 - (-10 + 13))?
-7
What is 9 + -6 + (-3 - -3) + 0?
3
What is -8 + 0 - (13 + -20)?
-1
Evaluate (0 + 9 - 5 - 3) + -5.
-4
What is the value of 8 - ((3 - 4) + -4 - -4)?
9
Evaluate (-5 - (2 + -10)) + -1 + -2.
0
Calculate (2 - 3) + 3 + -7.
-5
Evaluate -2 + 8 - (-15 + 20).
1
8 - ((-7 - -8) + 13)
-6
Calculate 4 + -2 + -3 - -4.
3
What is the value of (2 - 0) + (3 - 2 - 4)?
-1
Evaluate -2 - -16 - 8 - 5.
1
What is the value of 2 + (0 - -1) + 1?
4
13 - 23 - (-10 - -11)
-11
12 - (12 - 0 - -9)
-9
Evaluate 16 + -18 - (-2 - -2) - -2.
0
Calculate 8 - (7 - (7 - 4)).
4
16 - (-11 - 3 - -22)
8
0 + 0 - (10 - 7)
-3
Evaluate 0 + 10 + 0 + -5.
5
What is -5 - -4 - (6 - (18 - 9))?
2
-11 - (6 - -1 - 9)
-9
Calculate 1 + 0 - -5 - 1.
5
Evaluate 1 + -3 + -3 - -2.
-3
-1 + 1 - (2 - 2 - -5)
-5
-1 + -5 + 10 + -2
2
3 + 12 + -9 - 11
-5
-40 - -44 - (1 + 6)
-3
Calculate 4 - ((7 - 1) + -4).
2
Calculate 6 + -1 - (-5 + 5).
5
3 + -4 - 0 - -2
1
Calculate 0 - 2 - (-4 - (0 + -6)).
-4
-1 - (-80 + 66 - (1 - 8))
6
Calculate -5 - (3 - (0 - (-4 - -1))).
-5
What is the value of -7 + -4 + 8 - -9?
6
What is 7 + -1 - (3 + -1)?
4
Calculate -4 - 3 - (11 - 19).
1
2 + -2 - (-31 + 25)
6
-7 - (-4 + 1 + -1)
-3
Evaluate 11 + -25 + 8 + 5.
-1
Evaluate 4 - ((9 - 6) + -4 + 1).
4
Calculate 1 + 2 + -9 - -1.
-5
-5 + (5 - (1 + 3)) + 4
0
Calculate 5 + (-20 - -4) - -16.
5
Evaluate -30 + 29 - (2 - 2 - -1).
-2
Calculate (1 - -2) + 2 + -1 + 1.
5
Evaluate 4 + -1 + (-4 - -5) + -2.
2
Evaluate -11 - -4 - (-2 + -3).
-2
3 - -5 - 3 - 5
0
What is the value of (1 - 8) + -7 + 5?
-9
What is the value of (2 - 1) + (-1 - (-7 + 5))?
2
What is 2 + -1 + (7 - (-4 - -9))?
3
-4 + 5 + 0 + -3
-2
What is 1 + (4 - (10 - 0))?
-5
What is the value of (14 - 15 - 9) + -1 + 6?
-5
Evaluate -4 + 6 - (3 + -1).
0
Evaluate 0 + 1 + (-1 - 3) - 2.
-5
-5 - (-2 - (-2 - -7))
2
Evaluate -6 - (-4 - (-4 - -1)).
-5
-7 + -1 + 0 - (-2 - 2)
-4
What is the value of (-2 - -1) + 1 + -100 + 97?
-3
Calculate -6 + -1 + 7 + (38 - 35).
3
-4 + -6 + 3 + 11
4
6 + (5 - 3) + (-4 - 0)
4
What is 0 + 1 + (-2 - -4)?
3
What is (15 - (2 - (-2 - -4))) + -4?
11
(3 + -1 - -3) + (-15 - -5)
-5
Calculate -8 + 7 - (3 - (8 + -2)).
2
Calculate -13 + 12 + -12 + 4.
-9
Evaluate (13 - 6) + (-8 - -4).
3
(2 - 0) + 1 - (-6 - -4)
5
-9 + 8 - (-5 + 3)
1
Evaluate (-12 - -13 - 2) + 1.
0
Evaluate 4 - (-7 - -2) - 4 - 2.
3
Evaluate 3 + 0 + (-3 - (-1 - -1)).
0
Evaluate -10 - (-6 - (-2 + 3)).
-3
Calculate -4 - (-7 - (2 + -5)).
0
Calculate (1 - -4) + -9 + 1 + 3.
0
-5 + (-1 - 0 - -1 - -2)
-3
What is 0 + (3 - (4 + 0 + -1))?
0
Calculate -18 - (-8 + -1 - 3).
-6
Calculate ((1 - -1) + -2 - 1) + -2.
-3
What is the value of 2 - (-4 - -1) - (1 + 3)?
1
Evaluate -1 - (-3 - (-3 - -3 - 5)).
-3
-2 - (-7 + 6 + (-5 - 0))
4
Evaluate 1 + -9 - ((-6 - 0) + 2).
-4
What is (0 - -2) + 49 + -58?
-7
What is the value of (3 - (5 + 0)) + 4?
2
2 - (9 - 3) - (2 - 2)
-4
What is -2 - -2 - (1 - (1 + -3))?
